ommon factor of u and b.
15
Let z = 82 - 42. Calculate the highest common divisor of z and 5.
5
Let w(v) = -1 - 2*v**3 - 3*v + 4 + 2*v**2 - 2*v**3. Let z be w(2). Let x be z/(-6)*(-56)/(-3). Calculate the highest common factor of 12 and x.
12
Let h = -117 + 122. What is the highest common factor of 45 and h?
5
Let z(h) = -3*h**2 + 8*h + 1. Let c(d) = d**2 - 4*d. Let f(o) = -9*c(o) - 4*z(o). Let j be f(5). What is the highest common factor of j and 13?
13
Let v(h) = 0*h**2 - 8 - 2*h - 5*h + h**2. Let q be v(9). What is the highest common factor of q and 40?
10
Suppose -5*c - 9 = -3*c + 5*f, 15 = -5*f. Let u be 18*c/(18/21). Calculate the highest common divisor of u and 21.
21
Suppose -a + 2*a = 65. Let z be (-1 - (-2 - 0))*5. Suppose -2*i - k = -52 + 3, i - 11 = -z*k. Calculate the greatest common divisor of i and a.
13
Let h(u) = 34*u**2. Let i be h(1). Let p be (0 - (-85)/3)*3. What is the highest common factor of p and i?
17
Suppose w + 3*d = 7, -10*d + 6*d = -w. What is the highest common factor of 64 and w?
4
Suppose -2*f + 2*k = -1 - 73, -5*k + 102 = 2*f. Calculate the greatest common factor of 164 and f.
41
Let n = 14 + -12. What is the greatest common factor of n and 1?
1
Let a = -49 + 119. What is the highest common divisor of a and 14?
14
Let f be (1 - (-1)/(-1))/(-2). Suppose f*c = c + 1. Let i = 1 - c. What is the greatest common divisor of i and 3?
1
Suppose 2*p - 2*y - 16 = 0, -4*p = 5*y + 1 - 15. Suppose -2 = -r - a, -r + 6 = -a + 2. Let k be (24 + 2)*r/p. What is the greatest common divisor of k and 39?
13
Let b be (-53)/2 + 9/(-18). Let g = -14 - b. What is the highest common divisor of 65 and g?
13
Suppose -5*i = -h - 15, -19 = 2*i + 3*h - 8. Let v = i - 1. Let d = 1 + 0. What is the highest common divisor of v and d?
1
Suppose -3*s + 12 = 0, -2*o - 2*s + 38 = -o. Let h(k) = -7*k**3 - k - 2. Let t be h(-1). What is the greatest common divisor of t and o?
6
Let h = 18 - 11. Let l(v) = 27*v**2 + v. Let o be l(1). Calculate the greatest common factor of h and o.
7
Suppose 0 = -4*v + 2*v - 5*b + 110, -130 = -2*v + 5*b. What is the highest common divisor of v and 2?
2
Let i(u) = -6*u - 2. Let l(f) = 6*f + 1. Let h(m) = 4*i(m) + 5*l(m). Let t be h(8). Suppose 2*x - x = t. Calculate the greatest common divisor of x and 30.
15
Suppose -5*z + 154 = -296. Let f be -1 - ((1 - 2) + 4). Let m = f - -14. Calculate the greatest common divisor of m and z.
10
Suppose -19 = 3*a + 2. Let x = 5 - a. What is the highest common factor of x and 84?
12
Let t = -4 - 1. Let c = t + 4. Let p be c/2*-2*16. Calculate the highest common divisor of p and 40.
8
Let n(t) = 36*t - 2. Let b be n(1). Let h = 55 + -38. What is the highest common factor of h and b?
17
Let p(v) = v + 12. Let b be p(-10). Suppose 0*x + 8 = b*j - 4*x, 4*j - x - 23 = 0. Calculate the highest common divisor of j and 54.
6
Let l(h) = h + 40. Let u be l(-21). Calculate the greatest common factor of 304 and u.
19
Let j be (-4)/12 + 19/3. Suppose 0 = l - 0*l - 3*o - 12, -3*o = -j. What is the highest common factor of l and 2?
2
Suppose -6*w + 144 = 48. Calculate the greatest common factor of 16 and w.
16
Let f(d) = -d + 2. Let w be f(0). Suppose 42 = w*n + 8. Calculate the highest common factor of 17 and n.
17
Let s = 25 - 9. Suppose 2 + s = d. What is the greatest common factor of d and 2?
2
Suppose 0 = -f + 2*o + 6, -f - o + 25 = 2*f. Suppose 0*a = -a + 72. What is the greatest common divisor of a and f?
8
Suppose -3*q + 4*g - 110 = 0, -2*q - g - 88 = -0*g. Let d be 2/(-8) - q/8. Let o = 37 + -17. Calculate the highest common factor of d and o.
5
Let w be (-2 - -2)/(-1 + 0). Let i = 198 - 13. Suppose -3*d - 5*o + 274 = w, -2*d + i = -3*o + 15. What is the highest common divisor of 8 and d?
8
Suppose 6*t = 64 + 26. Suppose 3*j - 90 = -0*j. What is the greatest common divisor of t and j?
15
Let y = -54 - -59. Suppose f + 0*k + 2*k = 136, -2*f - 2*k + 262 = 0. Suppose -f = -y*g - 6. What is the greatest common divisor of 16 and g?
8
Suppose d + 151 + 131 = 5*z, 3*d = -6. Suppose 76 = 5*s + 2*b, -40 = -4*s + 2*b + 10. Calculate the highest common factor of z and s.
14
Suppose 0 = -4*j + 116 + 12. Let v = -17 + j. Calculate the greatest common divisor of v and 120.
15
Suppose -2 = -s - 0*s. Let a be s/(-6) - 664/(-12). What is the highest common divisor of 5 and a?
5
Suppose 0*m = -3*m + 36. What is the greatest common factor of m and 16?
4
Let w be 2*5/25 + (-144)/(-15). What is the greatest common factor of 110 and w?
10
Suppose -3*j - 10 = -b, 5*b + 4*j - 30 = -j. Calculate the greatest common factor of b and 63.
7
Let k = -48 - -70. What is the highest common factor of k and 198?
22
Let v be -241 - (1 + -1 - 1). Let b be (-3 - -1) + v/(-3). Let z = -24 + b. Calculate the highest common factor of 6 and z.
6
Let j = 31 - 15. Calculate the greatest common factor of j and 40.
8
Let x(b) = -b - 1. Let m(g) = 23*g + 9. Let v(c) = m(c) + 5*x(c). Let h be v(4). Suppose h + 29 = 3*j. What is the highest common divisor of j and 14?
7
Let v(f) = f**2 - 2*f - 8. Let j be v(6). Let s(z) = 36*z + 11. Let p be s(7). Let x = 439 - p. Calculate the highest common factor of j and x.
16
Suppose 0 = -r + 4*r + 4*h - 296, 3*r = -3*h + 294. Suppose -5*i = -3*i - r. What is the greatest common factor of 6 and i?
6
Let w be (87 - -5)/((-4)/(-8)). What is the greatest common factor of 23 and w?
23
Let c = 33 + -18. Suppose -11 = 2*x - 3*m, x + 0*x - 17 = -3*m. Let b be x/10 - 448/(-10). Calculate the highest common factor of c and b.
15
Suppose k - 3 - 12 = b, 3*b = 2*k - 35. Let h be 126/k + 4/10. Let d be 1*1/1*91. Calculate the greatest common factor of h and d.
13
Let b = -185 - -193. Calculate the greatest common divisor of b and 72.
8
Suppose s + 4*c - 37 = 0, -s - 6*c = -3*c - 39. Let h(u) = u - 4. Let z be h(6). Let o be -2*z/(-4)*9. What is the highest common divisor of s and o?
9
Let l = 12 + -11. Let j be (26/(-4)*-2)/l. What is the greatest common factor of j and 52?
13
Let d(v) = v + 3. Suppose -6*p - 12 = -4*p. Let y be d(p). Let a be (-20)/y + (-4)/6. What is the greatest common factor of a and 9?
3
Let o(q) = 24*q**2 + q. Let t be o(-2). Suppose 2*v = 6*v + j - t, 3*j + 6 = 0. Calculate the greatest common factor of v and 36.
12
Let s = -6 + 9. Suppose -14 = -3*m + r + 9, -4*r = s*m + 2. Let f be 38/6 - (-4)/m. Calculate the greatest common divisor of 63 and f.
7
Let b(i) = -2*i**2 - 32*i - 1. Let y be b(-15). What is the greatest common divisor of 232 and y?
29
Let g(d) = -d + 8. Let r be g(-2). Calculate the greatest common divisor of r and 25.
5
Suppose 0 = -4*n + i + 382, -2*n + 2*i + 186 = -i. Let v be 24*5*n/60. Calculate the greatest common factor of v and 24.
24
Suppose 2 = -5*d + 3*d. Let l = 5 + d. What is the greatest common factor of l and 16?
4
Let s be (-3858)/(-21) + (-4)/(-14). Calculate the greatest common factor of s and 23.
23
Let t(n) = -n**3 + 9*n**2 + 2*n - 8. Suppose 6*d - 4*d - 18 = 0. Let h be t(d). Suppose 3*z - 3 = 3. What is the greatest common factor of z and h?
2
Suppose 4*w = -5*q + 53, 5*q + 2 + 1 = 4*w. Let o(p) = p**2 - 6*p + 5. Let b be o(w). What is the highest common factor of 36 and b?
12
Let o = -1 + 0. Let l be 6/(2 - o/(-2)). Suppose 0 = j + 3*s - l, -4*j - 2*s + 25 = s. What is the highest common divisor of 56 and j?
7
Let p be 1 - -1*6/3. Suppose s + 5*i - 46 = i, -3*s + 123 = -p*i. Let a be (-1 + 0 + -1)*-14. What is the greatest common factor of s and a?
14
Suppose -18*y - 135 = -23*y. What is the greatest common divisor of y and 3?
3
Let t(s) = s**3 - 11*s**2 + 6*s - 11. Let u(o) = o. Let v(j) = -t(j) - 3*u(j). Let r be v(10). What is the highest common divisor of 7 and r?
7
Suppose -4*l + 5*f + 8 = -45, 2*l + 4*f + 6 = 0. What is the highest common factor of 56 and l?
7
Let n(h) = -h + 10. Let j be n(5). Let i be (16/6)/((-2)/(-30)). What is the greatest common divisor of j and i?
5
Suppose 14 = 5*p + 3*o - 36, 2*o + 25 = 5*p. Let v be ((-70)/(-20))/((-2)/(-16)). What is the greatest common divisor of p and v?
7
Let o = -19 - -31. Let y be (o/8)/((-6)/(-32)). Suppose 3*c - y*c = -50. What is the highest common divisor of 70 and c?
10
Let s = 0 - -12. What is the highest common divisor of 30 and s?
6
Suppose -3*w + 15 = -21. Suppose 0 = -8*d + 6*d